h) = -h**3 + 8*h**2 + 2*h - 16. Give p(8).
0
Let r(v) = -v**3 + 10*v**2 + 9*v + 18. Give r(11).
-4
Let x(y) = -y**2 + 8*y - 19. Give x(5).
-4
Let x(k) = 3*k**2 - 10*k - 4. Give x(5).
21
Let h(s) = -2*s**2 + s + 13. What is h(3)?
-2
Let x(g) = -3*g + 9. Give x(3).
0
Let q(c) = -5*c**3 - 2*c**2 + 3*c - 1. Give q(1).
-5
Let c(z) = -2*z**2 + 15*z + 15. Determine c(11).
-62
Let a(r) = 2*r - 13. Calculate a(8).
3
Let f(u) = -u**2 + u - 5. Calculate f(6).
-35
Let l(q) = -q**2 - 6*q - 10. Determine l(-6).
-10
Let m(n) = -n**2 + 4*n + 29. Calculate m(8).
-3
Let l(b) = 37*b + 627. What is l(-17)?
-2
Let t(r) = r - 9. Calculate t(5).
-4
Let p(c) = -c**2 - 11*c - 12. What is p(-8)?
12
Let j(a) = a**2 + 7*a - 2. What is j(-6)?
-8
Let h(w) = -w + 59. Calculate h(-16).
75
Let h(z) = -11*z + 18. Determine h(-12).
150
Let c(f) = f - 11. Give c(6).
-5
Let v(p) = -p**2 - 8*p - 2. Give v(-10).
-22
Let b(i) = 7*i - 3. Determine b(3).
18
Let m(o) = o**2 - o + 3. What is m(2)?
5
Let u(p) = -p**3 + 17*p**2 + 29*p - 197. Calculate u(18).
1
Let y(m) = m**3 - 7*m**2 + 11*m - 6. Calculate y(4).
-10
Let w(i) = i**3 - 8*i**2 + 10*i + 25. Give w(6).
13
Let i(u) = u - 11. Determine i(9).
-2
Let t(g) = g**3 - 32*g**2 + 30*g + 22. Determine t(31).
-9
Let j(k) = k**3 - 16*k**2 - k + 18. Calculate j(16).
2
Let b(x) = 28*x - 5. Give b(3).
79
Let v(f) = -16*f + 1. What is v(1)?
-15
Let w(m) = -14*m - 5. What is w(-4)?
51
Let x(s) = -s**3 + 28*s - 17. Give x(-6).
31
Let i(j) = j**2 + 19*j + 83. Give i(-8).
-5
Let u(p) = 21*p**3 + p**2 + p - 2. Determine u(1).
21
Let l(j) = j**3 - 3*j**2 - j + 6. Calculate l(3).
3
Let i(f) = -3*f - 1. Give i(-2).
5
Let h(f) = -f**3 - 7*f**2 + 14*f + 6. Give h(-9).
42
Let w(d) = d**3 - 8*d**2 + 14*d + 16. Give w(7).
65
Let r(s) = -2*s**2 - 23*s - 21. Calculate r(-6).
45
Let s(d) = d**3 - 5*d**2 - 2*d + 5. What is s(4)?
-19
Let y(l) = l**3 + 10*l**2 + 6*l + 17. Give y(-10).
-43
Let v(o) = -4*o + 76. Calculate v(18).
4
Let c(r) = r**2 + 23*r + 18. Calculate c(-22).
-4
Let v(a) = -2*a**2 + 15*a - 8. Calculate v(5).
17
Let i(f) = -f**3 + 9*f**2 + 8*f - 9. What is i(10)?
-29
Let h(i) = i**2 - 9*i + 1. What is h(10)?
11
Let a(v) = 20*v - 1. Determine a(-4).
-81
Let l(k) = -9*k - 2. Calculate l(6).
-56
Let s(t) = t - 6. Calculate s(-3).
-9
Let o(t) = 5*t - 3. Determine o(5).
22
Let v(w) = w**3 - 6*w**2 + 13*w - 72. Calculate v(6).
6
Let r(b) = 6*b - 17. Give r(-4).
-41
Let s(a) = -4*a. Calculate s(4).
-16
Let f(z) = 19*z + 12. What is f(-5)?
-83
Let i(c) = c**3 - 23*c**2 + 38*c + 42. Determine i(21).
-42
Let h(r) = -8*r**3 + 66*r**2 - 17*r + 4. What is h(8)?
-4
Let t(p) = -p - 13. Determine t(-12).
-1
Let l(q) = -6*q - 139. Give l(-6).
-103
Let v(d) = 6*d**2 - 15*d. Calculate v(2).
-6
Let k(f) = f**2 + 16*f + 8. Give k(-15).
-7
Let r(f) = -10*f + 115. Give r(15).
-35
Let b(c) = 6*c**2 + 7*c + 4. Calculate b(-2).
14
Let u(j) = 46*j + 2. What is u(1)?
48
Let u(b) = -12*b**3 - 3*b**2 - 2*b + 1. What is u(-1)?
12
Let d(l) = -l + 26. Calculate d(17).
9
Let f(b) = b**3 - 8*b**2 + 13*b - 9. Calculate f(7).
33
Let j(w) = -3*w - 25. Determine j(-10).
5
Let q(d) = -d**2 + 5*d + 40. Determine q(9).
4
Let l(h) = -44*h + 305. What is l(7)?
-3
Let r(b) = -b**3 + 8*b**2 + 8*b + 17. What is r(9)?
8
Let m(k) = k**3 - k**2 + 9. Give m(3).
27
Let x(z) = 2*z + 6. Determine x(-3).
0
Let l(h) = -h**2 + 8*h + 10. What is l(9)?
1
Let f(i) = i**2 - 21*i + 23. Determine f(20).
3
Let o(s) = -23*s - 484. Determine o(-21).
-1
Let o(s) = s**3 + 7*s**2 + 5*s - 1. What is o(-6)?
5
Let f(d) = 44*d**2 + 3*d + 2. What is f(-1)?
43
Let j(l) = -15*l + 8. Determine j(4).
-52
Let k(x) = -x**3 + 9*x - 9. Calculate k(4).
-37
Let o(q) = -q**2 + 11*q - 35. What is o(6)?
-5
Let o(r) = -4*r**2 - 20*r. What is o(-5)?
0
Let x(m) = -m**3 + 12*m**2 - 21*m + 6. Calculate x(10).
-4
Let c(k) = k + 16. Determine c(-6).
10
Let b(y) = y - 5. Determine b(2).
-3
Let c(m) = -m**2 + 8*m + 23. Determine c(11).
-10
Let i(v) = -v**3 + 5*v**2 - 5*v - 1. What is i(4)?
-5
Let d(u) = u**2 + 14*u - 24. Determine d(-13).
-37
Let y(h) = -h. Calculate y(10).
-10
Let k(o) = -o**3 + 21*o**2 + 44*o + 47. Calculate k(23).
1
Let x(r) = 10*r + 6. Determine x(8).
86
Let o(i) = -2*i - 1. Calculate o(1).
-3
Let l(y) = 6*y**2 - 7*y + 1. Determine l(5).
116
Let a(z) = -3*z - 1. Give a(1).
-4
Let u(z) = 11*z + 27. Determine u(4).
71
Let g(f) = -f**2 - 5*f + 43. Calculate g(-10).
-7
Let q(x) = 11*x - 78. Give q(9).
21
Let y(v) = -7*v**2 - 4*v + 2. Calculate y(1).
-9
Let i(r) = -4*r - 39. Calculate i(-7).
-11
Let w(p) = 96*p - 2. Calculate w(0).
-2
Let o(n) = n**3 + 6*n**2 + 5*n - 7. What is o(-3)?
5
Let g(k) = 19*k - 114. Give g(6).
0
Let z(i) = -i**3 + 4*i**2 + 5*i - 19. What is z(5)?
-19
Let s(k) = k**3 + 4*k**2 + 6*k - 2. Calculate s(-3).
-11
Let n(v) = -v**2 + 3*v + 14. Give n(-5).
-26
Let x(b) = -3*b - 135. Determine x(0).
-135
Let n(t) = 2*t + 75. What is n(-37)?
1
Let d(t) = t**2 - 5*t - 28. Calculate d(10).
22
Let m(t) = -t**3 + t**2 - t + 9. What is m(0)?
9
Let v(x) = x**2 + 8*x + 17. Determine v(-8).
17
Let n(h) = -3*h**3 + h**2 + 3*h - 9. Give n(2).
-23
Let i(y) = -68*y**2 + y - 2. Calculate i(1).
-69
Let j(y) = -13*y**2 + y - 2. Determine j(-2).
-56
Let d(w) = w**3 - 3*w**2 - 2*w + 2. Calculate d(5).
42
Let u(h) = -2*h**2 + 41*h + 31. Give u(20).
51
Let n(f) = -f**2 + 8*f + 129. Calculate n(-9).
-24
Let o(f) = f + 7. Determine o(-9).
-2
Let o(q) = 16*q - 3. Calculate o(2).
29
Let c(j) = -j + 12. What is c(10)?
2
Let k(d) = 3*d - 45. Determine k(12).
-9
Let x(s) = s**3 - s**2 - 2*s - 1. Determine x(2).
-1
Let l(b) = -b**3 - 3*b**2 - 2*b + 13. Calculate l(0).
13
Let l(c) = -13*c + 27. Determine l(1).
14
Let p(g) = 4*g + 37. Give p(-10).
-3
Let p(f) = f**3 - 5*f**2 - 9*f + 15. Give p(6).
-3
Let h(x) = -x**3 - 9*x**2 - 16*x + 16. Calculate h(-7).
30
Let l(x) = x**2 - 19*x + 12. Determine l(19).
12
Let c(d) = d**3 - 5*d**2 + 2*d - 5. Give c(5).
5
Let v(x) = -2*x**3 + 13*x**2 + 7*x + 19. Give v(7).
19
Let u(x) = x**3 + 13*x**2 + 3*x + 16. Determine u(-13).
-23
Let u(r) = -r**3 + 8*r**2 - 11*r + 9. Determine u(6).
15
Let f(y) = y**2 - y + 7. Give f(-4).
27
Let m(n) = -20*n**3 + n**2 + n - 1. Calculate m(1).
-19
Let t(s) = s**3 - 10*s**2 + 3*s - 4. What is t(7)?
-130
Let l(q) = 3*q + 46. Determine l(-11).
13
Let f(s) = -5*s**3 + 4*s**2 - 4*s. Determine f(1).
-5
Let b(k) = k**2 - 15*k + 30. Determine b(13).
4
Let d(w) = w**2 - 9*w - 7. Determine d(7).
-21
Let c(n) = -9*n - 108. What is c(-13)?
9
Let n(v) = v**3 + 5*v**2 + 3*v - 1. Calculate n(-3).
8
Let j(u) = -u**3 + 28*u**2 + 30*u - 43. What is j(29)?
-14
Let u(l) = l**3 + 12*l**2 + 13*l - 9. Calculate u(-12).
-165
Let n(z) = z**2 + 14*z + 9. Determine n(-14).
9
Let g(w) = -w**3 - 5*w**2 + 66*w + 329. Determine g(-5).
-1
Let w(d) = -d**2 - 8*d + 7. Determine w(-9).
-2
Let y(l) = -10*l - 1. Calculate y(3).
-31
Let m(u) = 38*u - 71. Calculate m(2).
5
Let j(u) = -u**3 + 16*u**2 - 17*u + 65. Give j(15).
35
Let x(q) = 11*q - 220. Calculate x(19).
-11
Let n(o) = o - 35. Determine n(28).
-7
Let v(h) = 6*h - 2. Give v(3).
16
Let s(u) = -u**3 + 12*u**2 - 18*u + 19. What is s(11)?
-58
Let i(p) = -9*p - 18. Calculate i(-3).
9
Let r(h) = h**3 + 8*h**2 - 4*h - 1. Determine r(-8).
31
Let y(j) = -j - 20. What is y(24)?
-44
Let m(t) = -24*t + 1. What is m(4)?
-95
Let c(p) = p**3 - 2*p**2 + 3*p - 87. Determine c(5).
3
Let v(f) = -f**3 - 4*f**2 + 73*f - 25. Calculate v(-11).
19
Let r(s) = -s + 12. What is r(5)?
7
Let i(g) = 9*g**2 - g. Determine i(2).
34
Let o(n) = n + 10. Determine o(-7).
3
Let j(k) = k**3 + 3*k**2 - 8*k - 16. Determine j(-4).
0
Let j(s) = s**2 + 11*s + 47. Calculate j(-5).
17
Let r(v) = v**2 + 29*v + 105. Give r(-25).
5
Let s(r) = 13*r - 31. Calculate s(6).
47
Let a(g) = 4*g + 8. Determine a(-7).
-20
Let f(u) = -2*u**2 + 20*u - 7. Give f(7).
35
Let k(w) = 22*w + 105. Calculate k(-5).
-5
Let h(t) = 12*t - 190. Give h(15).
-10
Let s(g) = 17*g - 2. Determine s(2).
32
Let j(q) = -q**3 - 13*q**2 - 17*q - 64. Determine j(-12).
-4
Let o(h) = -h**2 - 31*h - 125. What is o(-4)?
-17
Let b(z) = z**2 + 5*z - 7. Calculate b(3).
17
Let x(v) = v**2 - 22*v + 90. What is x(14)?
-22
Let g(i) = -2*i**3 - 5*i**2 - 9*i - 9. What is g(-2)?
5
Let o(x) = -26*x - 2. What is o(-2)?
50
Let z(k) = -k**2 +